{"id":182,"date":"2024-04-08T15:21:20","date_gmt":"2024-04-08T15:21:20","guid":{"rendered":"https:\/\/www.downssyndrom.no\/romerike\/?page_id=182"},"modified":"2024-04-08T15:21:20","modified_gmt":"2024-04-08T15:21:20","slug":"hjelpeapparatet","status":"publish","type":"page","link":"https:\/\/www.downssyndrom.no\/romerike\/hjelpeapparatet\/","title":{"rendered":"Hjelpeapparatet"},"content":{"rendered":"<h1 class=\"wp-block-post-title\">Hjelpeapparatet<\/h1>\n\n\n<p>Barn med Downs syndrom har ofte et stort utviklingspotensial, men l\u00e6rer gjerne saktere og p\u00e5 litt andre m\u00e5ter enn andre barn. Det er viktig \u00e5 optimalisere forholdene rundt l\u00e6ring og utvikling, og involvere hjelpeapparatet i dette arbeidet. Som foreldre m\u00e5 man derfor forholde seg til en rekke offentlige instanser og tilbud, noe som til tider kan v\u00e6re sv\u00e6rt krevende. Man kan v\u00e6re heldig og m\u00f8te omtanke, varme og respekt, men dessverre hender det ogs\u00e5 at man m\u00f8tes av regelrytteri og inkompetanse. Diagnosen \u00e5pner noen d\u00f8rer, men kommune\u00f8konomi, ulik tolking av lovverk, varierende kompetanse og ulik praksis krever at man m\u00e5 jobbe for sitt barns rettigheter. Under f\u00f8lger en kort presentasjon av ulike offentlige institusjoner og tilbud vi gjerne kommer i kontakt med:<\/p>\n\n\n\n<h2 class=\"wp-block-heading\" id=\"h-habiliteringstjenesten\">Habiliteringstjenesten<\/h2>\n\n\n\n<p>Habiliteringstjenesten Ahus er et tilbud som gis av Helse \u00d8st, og er et tilbud om spesialisthjelp til barn med funksjonshemninger. Tilbudet er et supplement til og forsterkning av det kommunale hjelpeapparatet. Lege p\u00e5 f\u00f8de- eller barneavdeling kan gi henvisning. P\u00e5 habiliteringstjenesten Ahus har de bl.a. tilbud om sm\u00e5barnsgruppe for barn med Downs syndrom, kurs, og de kan gi enkeltveiledning i forhold til spesialpedagogikk, trygderegler, fysioterapi eller ern\u00e6ring.<\/p>\n\n\n\n<h3 class=\"wp-block-heading\" id=\"h-helsesoster\">Helses\u00f8ster<\/h3>\n\n\n\n<p>Er en kommunal ressursperson for barn med Downs syndrom. Hun kan henvise videre til lege, PP-Tjenesten (PPT) eller habilitering. Hun skal ha egne vekstkurver for barn med Downs syndrom, hun skal kunne vite eller skaffe rede p\u00e5 det meste av det dere nybakte foreldre kan ha av sp\u00f8rsm\u00e5l.<\/p>\n\n\n\n<h3 class=\"wp-block-heading\" id=\"h-pedagogisk-psykologisk-tjeneste-ppt\">Pedagogisk psykologisk tjeneste (PPT)<\/h3>\n\n\n\n<p>PPT er en kommunal r\u00e5dgivningsinstans for foreldre, barnehage og skole. Psykolog fra PPT kan foreta utredning av barnet og faglige r\u00e5d og st\u00f8tte. Skriver sakkyndig vurdering vedr\u00f8rende spesialpedagogisk hjelp i f.eks. barnehage og skole.<\/p>\n\n\n\n<h3 class=\"wp-block-heading\" id=\"h-fysioterapitjenesten\">Fysioterapitjenesten<\/h3>\n\n\n\n<p>Fysioterapitjenesten er kommunal. Her kan man f\u00e5 veiledning og hjelp til motorisk trening for \u00e5 legge til rette for best mulig utvikling. Man kan ogs\u00e5 s\u00f8ke om hjelpemidler.<\/p>\n\n\n\n<h3 class=\"wp-block-heading\" id=\"h-ergoterapeuter\">Ergoterapeuter<\/h3>\n\n\n\n<p>Ergoterapeuter treffer man som oftest i habiliteringstjenesten eller i kommunen. Ergoterapeuten bidrar til \u00e5 sikre at omgivelser og aktiviteter barnet deltar i tilpasses barnet slik at barnet kan mestre hverdagsaktiviteter gjennom b\u00e5de trening og motivering<\/p>\n\n\n\n<h3 class=\"wp-block-heading\" id=\"h-hjelpemiddelsentralen\">Hjelpemiddelsentralen<\/h3>\n\n\n\n<p>Hjelpemiddelsentralen l\u00e5ner ut hjelpemidler etter behov, og finnes i hvert fylke. Hjelpemidlene kan v\u00e6re utstyr til fysisk trening eller kommunikasjonshjelpemidler. PPT, fysioterapeut eller spesialpedagog kan hjelpe dere med s\u00f8knad.<\/p>\n\n\n\n<h3 class=\"wp-block-heading\" id=\"h-grunnstonad-og-hjelpestonad\">Grunnst\u00f8nad og hjelpest\u00f8nad<\/h3>\n\n\n\n<p>Grunnst\u00f8nad skal dekke ekstra utgifter til barnet. Hjelpest\u00f8nad skal dekke ekstra tid brukt p\u00e5 barnet. Barn med Downs syndrom har krav p\u00e5 hjelpest\u00f8nad fra spedbarnsstadiet. S\u00f8knad om st\u00f8nad skjer p\u00e5 eget skjema fra Nav. Nav har plikt til \u00e5 informere om hva som kreves og om gjeldende satser. Habiliteringstjenesten Ahus har sosionom som kan hjelpe med utfylling av skjema.<\/p>\n\n\n\n<h3 class=\"wp-block-heading\" id=\"h-syke-barn\">Syke barn<\/h3>\n\n\n\n<p>Foreldre har krav p\u00e5 pleiepenger n\u00e5r barnet er innlagt p\u00e5 sykehus. Foreldre til barn med funksjonshemning har rett til fri inntill 20 dager pr. kalender\u00e5r i forbindelse med barns sykdom. Foreldre har ogs\u00e5 rett til permisjon for \u00e5 delta p\u00e5 oppl\u00e6ring. (Arbeidsmilj\u00f8loven \u00a7 12 og Folketrygdloven, kap. 9). Familien har ogs\u00e5 rett til fast kontaktperson hos Nav.<\/p>\n\n\n\n<h3 class=\"wp-block-heading\" id=\"h-barnehage\">Barnehage<\/h3>\n\n\n\n<p>Barn med funksjonshemning har krav p\u00e5 barnehageplass. Rettigheten gjelder kommunale barnehager, eller de som har kommunal st\u00f8tte, men dere kan ogs\u00e5 s\u00f8ke om plass i en privat barnehage. Kontakt kommunen for informasjon om tilbudene som finnes der dere bor.<\/p>\n\n\n\n<h3 class=\"wp-block-heading\" id=\"h-skole\">Skole<\/h3>\n\n\n\n<p>Funksjonshemmede barn har, som alle andre barn, rett til \u00e5 g\u00e5 p\u00e5 sin n\u00e6rskole. Foreldrene har stor innflytelse b\u00e5de p\u00e5 skolevalg og p\u00e5 planlegging.<\/p>\n\n\n\n<h3 class=\"wp-block-heading\" id=\"h-ansvarsgruppe\">Ansvarsgruppe<\/h3>\n\n\n\n<p>En ansvarsgruppe best\u00e5r av foreldre\/foresatte og andre personer som er involvert i barnets ve og vel. For \u00e5 koordinere tiltakene rundt barnet, b\u00f8r det etableres en ansvarsgruppe innen barnet er fylt ett \u00e5r. Foreldre kan bestemme hvem som skal delta i gruppen. Det kan v\u00e6re fysioterapeut, ergoterapeut, f\u00f8rskolel\u00e6rer fra barnehagen, psykolog fra PPT, helses\u00f8ster eller andre. Et godt r\u00e5d: Ikke ha med for mange. Det er lett \u00e5 f\u00f8le seg \u00aboverkj\u00f8rt\u00bb av velmemende fagfolk.<\/p>\n\n\n\n<h3 class=\"wp-block-heading\" id=\"h-individuell-plan\">Individuell plan<\/h3>\n\n\n\n<p>Barn som har behov for langvarige og koordinerte tjenester, har rett til \u00e5 f\u00e5 utarbeidet individuell plan. Individuell plan er et samarbeidsdokument som beskriver familiens og tjenesteapparatets innsats. Fylkesmannen og kommune kan gi mer info.<\/p>\n\n\n\n<h3 class=\"wp-block-heading\" id=\"h-avlastning\">Avlastning<\/h3>\n\n\n\n<p>Avlastning er en rettighet som foreldrene har. Dette er et kommunalt ansvar. Dette er en hjelp til dem som trenger pusterom fra krevende omsorgsoppgaver. N\u00e5r avlastning skal vurderes, er det viktig at familiens totalsituasjon blir belyst, f.eks. hensynet til andre barn. Kontakt kommunen for informasjon og for hjelp til \u00e5 s\u00f8ke.<\/p>\n\n\n\n<h3 class=\"wp-block-heading\" id=\"h-stottekontakt\">St\u00f8ttekontakt<\/h3>\n\n\n\n<p>St\u00f8ttekontakt er en rettighet som barnet har. M\u00e5let er at barnet skal komme seg ut og kunne delta i aktiviteter, som andre barn. Det er ikke vanlig med st\u00f8ttekontakt n\u00e5r barna er sm\u00e5. Kontakt kommunen for informasjon og for hjelp til \u00e5 s\u00f8ke.<\/p>\n\n\n\n<h3 class=\"wp-block-heading\" id=\"h-omsorgslonn\">Omsorgsl\u00f8nn<\/h3>\n\n\n\n<p>Ved krevende omsorgsoppgaver kan foreldre s\u00f8ke kommunen om omsorgsl\u00f8nn. Det kan v\u00e6re en l\u00f8sning dersom en av foreldrene ikke greier \u00e5 jobbe i full stilling. Familiens totalsituasjon legges til grunn ved s\u00f8knadsbehandling.<\/p>\n\n\n\n<p>Se for\u00f8vrig: <a href=\"https:\/\/www.downssyndrom.no\/content\/uploads\/sites\/2\/2024\/04\/helsedirektoratet-barn-og-unge-med-nedsatt.pdf\" target=\"_blank\" rel=\"noreferrer noopener\">Barn og unge med nedsatt funksjonsevne \u2013 hvilke rettigheter har familien?<\/a> (utgitt av Helsedirektoratet).<\/p>\n","protected":false},"excerpt":{"rendered":"","protected":false},"author":4,"featured_media":0,"parent":0,"menu_order":0,"comment_status":"closed","ping_status":"closed","template":"","meta":{"alternative_post_author":"","footnotes":""},"class_list":["post-182","page","type-page","status-publish","hentry"],"yoast_head":"<!-- This site is optimized with the Yoast SEO Premium plugin v26.4-RC2 (Yoast SEO v26.4-RC2) - https:\/\/yoast.com\/wordpress\/plugins\/seo\/ -->\n<title>Hjelpeapparatet - Ups &amp; Downs Romerike<\/title>\n<meta name=\"robots\" content=\"index, follow, max-snippet:-1, max-image-preview:large, max-video-preview:-1\" \/>\n<link rel=\"canonical\" href=\"https:\/\/www.downssyndrom.no\/romerike\/hjelpeapparatet\/\" \/>\n<meta property=\"og:locale\" content=\"nb_NO\" \/>\n<meta property=\"og:type\" content=\"article\" \/>\n<meta property=\"og:title\" content=\"Hjelpeapparatet\" \/>\n<meta property=\"og:url\" content=\"https:\/\/www.downssyndrom.no\/romerike\/hjelpeapparatet\/\" \/>\n<meta property=\"og:site_name\" content=\"Ups &amp; Downs Romerike\" \/>\n<meta name=\"twitter:card\" content=\"summary_large_image\" \/>\n<meta name=\"twitter:label1\" content=\"Ansl. lesetid\" \/>\n\t<meta name=\"twitter:data1\" content=\"5 minutter\" \/>\n<script type=\"application\/ld+json\" class=\"yoast-schema-graph\">{\"@context\":\"https:\/\/schema.org\",\"@graph\":[{\"@type\":\"WebPage\",\"@id\":\"https:\/\/www.downssyndrom.no\/romerike\/hjelpeapparatet\/\",\"url\":\"https:\/\/www.downssyndrom.no\/romerike\/hjelpeapparatet\/\",\"name\":\"Hjelpeapparatet - Ups &amp; Downs Romerike\",\"isPartOf\":{\"@id\":\"https:\/\/www.downssyndrom.no\/romerike\/#website\"},\"datePublished\":\"2024-04-08T15:21:20+00:00\",\"breadcrumb\":{\"@id\":\"https:\/\/www.downssyndrom.no\/romerike\/hjelpeapparatet\/#breadcrumb\"},\"inLanguage\":\"nb-NO\",\"potentialAction\":[{\"@type\":\"ReadAction\",\"target\":[\"https:\/\/www.downssyndrom.no\/romerike\/hjelpeapparatet\/\"]}]},{\"@type\":\"BreadcrumbList\",\"@id\":\"https:\/\/www.downssyndrom.no\/romerike\/hjelpeapparatet\/#breadcrumb\",\"itemListElement\":[{\"@type\":\"ListItem\",\"position\":1,\"name\":\"Hjem\",\"item\":\"https:\/\/www.downssyndrom.no\/romerike\/\"},{\"@type\":\"ListItem\",\"position\":2,\"name\":\"Hjelpeapparatet\"}]},{\"@type\":\"WebSite\",\"@id\":\"https:\/\/www.downssyndrom.no\/romerike\/#website\",\"url\":\"https:\/\/www.downssyndrom.no\/romerike\/\",\"name\":\"Ups &amp; Downs Romerike\",\"description\":\"\",\"publisher\":{\"@id\":\"https:\/\/www.downssyndrom.no\/romerike\/#organization\"},\"potentialAction\":[{\"@type\":\"SearchAction\",\"target\":{\"@type\":\"EntryPoint\",\"urlTemplate\":\"https:\/\/www.downssyndrom.no\/romerike\/?s={search_term_string}\"},\"query-input\":{\"@type\":\"PropertyValueSpecification\",\"valueRequired\":true,\"valueName\":\"search_term_string\"}}],\"inLanguage\":\"nb-NO\"},{\"@type\":\"Organization\",\"@id\":\"https:\/\/www.downssyndrom.no\/romerike\/#organization\",\"name\":\"Ups &amp; Downs Romerike\",\"url\":\"https:\/\/www.downssyndrom.no\/romerike\/\",\"logo\":{\"@type\":\"ImageObject\",\"inLanguage\":\"nb-NO\",\"@id\":\"https:\/\/www.downssyndrom.no\/romerike\/#\/schema\/logo\/image\/\",\"url\":\"https:\/\/www.downssyndrom.no\/content\/uploads\/sites\/2\/2024\/03\/cropped-logo-ups-downs-romerike.png\",\"contentUrl\":\"https:\/\/www.downssyndrom.no\/content\/uploads\/sites\/2\/2024\/03\/cropped-logo-ups-downs-romerike.png\",\"width\":1523,\"height\":387,\"caption\":\"Ups &amp; Downs Romerike\"},\"image\":{\"@id\":\"https:\/\/www.downssyndrom.no\/romerike\/#\/schema\/logo\/image\/\"}}]}<\/script>\n<!-- \/ Yoast SEO Premium plugin. -->","yoast_head_json":{"title":"Hjelpeapparatet - Ups &amp; Downs Romerike","robots":{"index":"index","follow":"follow","max-snippet":"max-snippet:-1","max-image-preview":"max-image-preview:large","max-video-preview":"max-video-preview:-1"},"canonical":"https:\/\/www.downssyndrom.no\/romerike\/hjelpeapparatet\/","og_locale":"nb_NO","og_type":"article","og_title":"Hjelpeapparatet","og_url":"https:\/\/www.downssyndrom.no\/romerike\/hjelpeapparatet\/","og_site_name":"Ups &amp; Downs Romerike","twitter_card":"summary_large_image","twitter_misc":{"Ansl. lesetid":"5 minutter"},"schema":{"@context":"https:\/\/schema.org","@graph":[{"@type":"WebPage","@id":"https:\/\/www.downssyndrom.no\/romerike\/hjelpeapparatet\/","url":"https:\/\/www.downssyndrom.no\/romerike\/hjelpeapparatet\/","name":"Hjelpeapparatet - Ups &amp; Downs Romerike","isPartOf":{"@id":"https:\/\/www.downssyndrom.no\/romerike\/#website"},"datePublished":"2024-04-08T15:21:20+00:00","breadcrumb":{"@id":"https:\/\/www.downssyndrom.no\/romerike\/hjelpeapparatet\/#breadcrumb"},"inLanguage":"nb-NO","potentialAction":[{"@type":"ReadAction","target":["https:\/\/www.downssyndrom.no\/romerike\/hjelpeapparatet\/"]}]},{"@type":"BreadcrumbList","@id":"https:\/\/www.downssyndrom.no\/romerike\/hjelpeapparatet\/#breadcrumb","itemListElement":[{"@type":"ListItem","position":1,"name":"Hjem","item":"https:\/\/www.downssyndrom.no\/romerike\/"},{"@type":"ListItem","position":2,"name":"Hjelpeapparatet"}]},{"@type":"WebSite","@id":"https:\/\/www.downssyndrom.no\/romerike\/#website","url":"https:\/\/www.downssyndrom.no\/romerike\/","name":"Ups &amp; Downs Romerike","description":"","publisher":{"@id":"https:\/\/www.downssyndrom.no\/romerike\/#organization"},"potentialAction":[{"@type":"SearchAction","target":{"@type":"EntryPoint","urlTemplate":"https:\/\/www.downssyndrom.no\/romerike\/?s={search_term_string}"},"query-input":{"@type":"PropertyValueSpecification","valueRequired":true,"valueName":"search_term_string"}}],"inLanguage":"nb-NO"},{"@type":"Organization","@id":"https:\/\/www.downssyndrom.no\/romerike\/#organization","name":"Ups &amp; Downs Romerike","url":"https:\/\/www.downssyndrom.no\/romerike\/","logo":{"@type":"ImageObject","inLanguage":"nb-NO","@id":"https:\/\/www.downssyndrom.no\/romerike\/#\/schema\/logo\/image\/","url":"https:\/\/www.downssyndrom.no\/content\/uploads\/sites\/2\/2024\/03\/cropped-logo-ups-downs-romerike.png","contentUrl":"https:\/\/www.downssyndrom.no\/content\/uploads\/sites\/2\/2024\/03\/cropped-logo-ups-downs-romerike.png","width":1523,"height":387,"caption":"Ups &amp; Downs Romerike"},"image":{"@id":"https:\/\/www.downssyndrom.no\/romerike\/#\/schema\/logo\/image\/"}}]}},"_links":{"self":[{"href":"https:\/\/www.downssyndrom.no\/romerike\/wp-json\/wp\/v2\/pages\/182","targetHints":{"allow":["GET"]}}],"collection":[{"href":"https:\/\/www.downssyndrom.no\/romerike\/wp-json\/wp\/v2\/pages"}],"about":[{"href":"https:\/\/www.downssyndrom.no\/romerike\/wp-json\/wp\/v2\/types\/page"}],"author":[{"embeddable":true,"href":"https:\/\/www.downssyndrom.no\/romerike\/wp-json\/wp\/v2\/users\/4"}],"replies":[{"embeddable":true,"href":"https:\/\/www.downssyndrom.no\/romerike\/wp-json\/wp\/v2\/comments?post=182"}],"version-history":[{"count":1,"href":"https:\/\/www.downssyndrom.no\/romerike\/wp-json\/wp\/v2\/pages\/182\/revisions"}],"predecessor-version":[{"id":184,"href":"https:\/\/www.downssyndrom.no\/romerike\/wp-json\/wp\/v2\/pages\/182\/revisions\/184"}],"wp:attachment":[{"href":"https:\/\/www.downssyndrom.no\/romerike\/wp-json\/wp\/v2\/media?parent=182"}],"curies":[{"name":"wp","href":"https:\/\/api.w.org\/{rel}","templated":true}]}}