{"id":227,"date":"2024-06-05T15:49:34","date_gmt":"2024-06-05T13:49:34","guid":{"rendered":"https:\/\/www.downssyndrom.no\/hedmark\/?page_id=227"},"modified":"2026-02-10T10:41:37","modified_gmt":"2026-02-10T09:41:37","slug":"227-2","status":"publish","type":"page","link":"https:\/\/www.downssyndrom.no\/hedmark\/227-2\/","title":{"rendered":"Farvel til Eivind etter 10 \u00e5r i styret"},"content":{"rendered":"\n\t<div class=\"dsn-hero has-global-padding is-layout-constrained alignfull is-style-default wp-block-dsn-hero has-background has-gunmetal-background-color\">\n\t\t<div class=\"dsn-hero__content alignwide\">\n\t\t\t<div class=\"dsn-hero__blocks\">\n\t\t\t\t\n\n<h1 class=\"wp-block-heading\" id=\"h-farvel-til-eivind-etter-10-ar-i-styret\">Farvel til Eivind etter 10 \u00e5r i styret<\/h1>\n\n\n\n<figure class=\"wp-block-gallery has-nested-images columns-default is-cropped wp-block-gallery-1 is-layout-flex wp-block-gallery-is-layout-flex\">\n<figure class=\"wp-block-image size-large\"><img loading=\"lazy\" decoding=\"async\" width=\"1024\" height=\"958\" data-id=\"236\" src=\"https:\/\/www.downssyndrom.no\/content\/uploads\/sites\/11\/2024\/06\/445602782_994131152092813_8659243437082343187_n-1-1024x958.jpg\" alt=\"\" class=\"wp-image-236\" srcset=\"https:\/\/www.downssyndrom.no\/content\/uploads\/sites\/11\/2024\/06\/445602782_994131152092813_8659243437082343187_n-1-1024x958.jpg 1024w, https:\/\/www.downssyndrom.no\/content\/uploads\/sites\/11\/2024\/06\/445602782_994131152092813_8659243437082343187_n-1-300x281.jpg 300w, https:\/\/www.downssyndrom.no\/content\/uploads\/sites\/11\/2024\/06\/445602782_994131152092813_8659243437082343187_n-1-768x718.jpg 768w, https:\/\/www.downssyndrom.no\/content\/uploads\/sites\/11\/2024\/06\/445602782_994131152092813_8659243437082343187_n-1.jpg 1054w\" sizes=\"auto, (max-width: 1024px) 100vw, 1024px\" \/><\/figure>\n<\/figure>\n\n\n\n<p>Eivind Molstad takker av i styret etter 10 \u00e5r med stor innsats.<\/p>\n\n\n\n<p>Eivind har v\u00e6rt aktiv i styret og is\u00e6r gitt et stort bidrag ved \u00e5 h\u00e5ndtere \u00f8konomien i foreningen. Dette har v\u00e6rt en m\u00e5nedlig jobb som har kj\u00f8rt som smurt.<\/p>\n\n\n\n<p>I Eivind sin periode har foreningen bygget opp en solid \u00f8konomi som muliggj\u00f8r mange gode og gratis aktiviteter for medlemmene.<\/p>\n\n\n\n<p>Vi sier Eivind mange takk for en nydelig innsats. Vi h\u00e5per \u00e5 se deg, din familie og Ulrik p\u00e5 fremtidige treff. Mange av oss er heldige og f\u00e5r m\u00f8te dere og Ulrik p\u00e5 Steinerskolen i Ottestad, der han starter fra august 2024. <\/p>\n\n\t\t\t<\/div>\n\t\t\t\t\t<\/div>\n\t<\/div>\n\t","protected":false},"excerpt":{"rendered":"<p>Eivind Molstad takker av i styret etter 10 \u00e5r med stor innsats. Eivind har v\u00e6rt aktiv i styret og is\u00e6r gitt et stort bidrag ved \u00e5 h\u00e5ndtere \u00f8konomien i foreningen.<\/p>\n","protected":false},"author":44,"featured_media":236,"parent":0,"menu_order":0,"comment_status":"closed","ping_status":"closed","template":"","meta":{"alternative_post_author":"","footnotes":""},"class_list":["post-227","page","type-page","status-publish","has-post-thumbnail","hentry"],"yoast_head":"<!-- This site is optimized with the Yoast SEO Premium plugin v26.4-RC2 (Yoast SEO v26.4-RC2) - https:\/\/yoast.com\/wordpress\/plugins\/seo\/ -->\n<title>Farvel til Eivind etter 10 \u00e5r i styret - Downs Syndrom Hedmark<\/title>\n<meta name=\"robots\" content=\"index, follow, max-snippet:-1, max-image-preview:large, max-video-preview:-1\" \/>\n<link rel=\"canonical\" href=\"https:\/\/www.downssyndrom.no\/hedmark\/227-2\/\" \/>\n<meta property=\"og:locale\" content=\"nb_NO\" \/>\n<meta property=\"og:type\" content=\"article\" \/>\n<meta property=\"og:title\" content=\"Farvel til Eivind etter 10 \u00e5r i styret\" \/>\n<meta property=\"og:description\" content=\"Eivind Molstad takker av i styret etter 10 \u00e5r med stor innsats. Eivind har v\u00e6rt aktiv i styret og is\u00e6r gitt et stort bidrag ved \u00e5 h\u00e5ndtere \u00f8konomien i foreningen.\" \/>\n<meta property=\"og:url\" content=\"https:\/\/www.downssyndrom.no\/hedmark\/227-2\/\" \/>\n<meta property=\"og:site_name\" content=\"Downs Syndrom Hedmark\" \/>\n<meta property=\"article:modified_time\" content=\"2026-02-10T09:41:37+00:00\" \/>\n<meta property=\"og:image\" content=\"https:\/\/www.downssyndrom.no\/content\/uploads\/sites\/11\/2024\/06\/445602782_994131152092813_8659243437082343187_n-1.jpg\" \/>\n\t<meta property=\"og:image:width\" content=\"1054\" \/>\n\t<meta property=\"og:image:height\" content=\"986\" \/>\n\t<meta property=\"og:image:type\" content=\"image\/jpeg\" \/>\n<meta name=\"twitter:card\" content=\"summary_large_image\" \/>\n<meta name=\"twitter:label1\" content=\"Ansl. lesetid\" \/>\n\t<meta name=\"twitter:data1\" content=\"2 minutter\" \/>\n<script type=\"application\/ld+json\" class=\"yoast-schema-graph\">{\"@context\":\"https:\/\/schema.org\",\"@graph\":[{\"@type\":\"WebPage\",\"@id\":\"https:\/\/www.downssyndrom.no\/hedmark\/227-2\/\",\"url\":\"https:\/\/www.downssyndrom.no\/hedmark\/227-2\/\",\"name\":\"Farvel til Eivind etter 10 \u00e5r i styret - Downs Syndrom Hedmark\",\"isPartOf\":{\"@id\":\"https:\/\/www.downssyndrom.no\/hedmark\/#website\"},\"primaryImageOfPage\":{\"@id\":\"https:\/\/www.downssyndrom.no\/hedmark\/227-2\/#primaryimage\"},\"image\":{\"@id\":\"https:\/\/www.downssyndrom.no\/hedmark\/227-2\/#primaryimage\"},\"thumbnailUrl\":\"https:\/\/www.downssyndrom.no\/content\/uploads\/sites\/11\/2024\/06\/445602782_994131152092813_8659243437082343187_n-1.jpg\",\"datePublished\":\"2024-06-05T13:49:34+00:00\",\"dateModified\":\"2026-02-10T09:41:37+00:00\",\"breadcrumb\":{\"@id\":\"https:\/\/www.downssyndrom.no\/hedmark\/227-2\/#breadcrumb\"},\"inLanguage\":\"nb-NO\",\"potentialAction\":[{\"@type\":\"ReadAction\",\"target\":[\"https:\/\/www.downssyndrom.no\/hedmark\/227-2\/\"]}]},{\"@type\":\"ImageObject\",\"inLanguage\":\"nb-NO\",\"@id\":\"https:\/\/www.downssyndrom.no\/hedmark\/227-2\/#primaryimage\",\"url\":\"https:\/\/www.downssyndrom.no\/content\/uploads\/sites\/11\/2024\/06\/445602782_994131152092813_8659243437082343187_n-1.jpg\",\"contentUrl\":\"https:\/\/www.downssyndrom.no\/content\/uploads\/sites\/11\/2024\/06\/445602782_994131152092813_8659243437082343187_n-1.jpg\",\"width\":1054,\"height\":986},{\"@type\":\"BreadcrumbList\",\"@id\":\"https:\/\/www.downssyndrom.no\/hedmark\/227-2\/#breadcrumb\",\"itemListElement\":[{\"@type\":\"ListItem\",\"position\":1,\"name\":\"Hjem\",\"item\":\"https:\/\/www.downssyndrom.no\/hedmark\/\"},{\"@type\":\"ListItem\",\"position\":2,\"name\":\"Farvel til Eivind etter 10 \u00e5r i styret\"}]},{\"@type\":\"WebSite\",\"@id\":\"https:\/\/www.downssyndrom.no\/hedmark\/#website\",\"url\":\"https:\/\/www.downssyndrom.no\/hedmark\/\",\"name\":\"Downs Syndrom Hedmark\",\"description\":\"\",\"publisher\":{\"@id\":\"https:\/\/www.downssyndrom.no\/hedmark\/#organization\"},\"potentialAction\":[{\"@type\":\"SearchAction\",\"target\":{\"@type\":\"EntryPoint\",\"urlTemplate\":\"https:\/\/www.downssyndrom.no\/hedmark\/?s={search_term_string}\"},\"query-input\":{\"@type\":\"PropertyValueSpecification\",\"valueRequired\":true,\"valueName\":\"search_term_string\"}}],\"inLanguage\":\"nb-NO\"},{\"@type\":\"Organization\",\"@id\":\"https:\/\/www.downssyndrom.no\/hedmark\/#organization\",\"name\":\"Downs Syndrom Hedmark\",\"url\":\"https:\/\/www.downssyndrom.no\/hedmark\/\",\"logo\":{\"@type\":\"ImageObject\",\"inLanguage\":\"nb-NO\",\"@id\":\"https:\/\/www.downssyndrom.no\/hedmark\/#\/schema\/logo\/image\/\",\"url\":\"https:\/\/www.downssyndrom.no\/content\/uploads\/sites\/11\/2024\/03\/cropped-logo-downs-syndrom-hedmark.png\",\"contentUrl\":\"https:\/\/www.downssyndrom.no\/content\/uploads\/sites\/11\/2024\/03\/cropped-logo-downs-syndrom-hedmark.png\",\"width\":1523,\"height\":387,\"caption\":\"Downs Syndrom Hedmark\"},\"image\":{\"@id\":\"https:\/\/www.downssyndrom.no\/hedmark\/#\/schema\/logo\/image\/\"}}]}<\/script>\n<!-- \/ Yoast SEO Premium plugin. -->","yoast_head_json":{"title":"Farvel til Eivind etter 10 \u00e5r i styret - Downs Syndrom Hedmark","robots":{"index":"index","follow":"follow","max-snippet":"max-snippet:-1","max-image-preview":"max-image-preview:large","max-video-preview":"max-video-preview:-1"},"canonical":"https:\/\/www.downssyndrom.no\/hedmark\/227-2\/","og_locale":"nb_NO","og_type":"article","og_title":"Farvel til Eivind etter 10 \u00e5r i styret","og_description":"Eivind Molstad takker av i styret etter 10 \u00e5r med stor innsats. Eivind har v\u00e6rt aktiv i styret og is\u00e6r gitt et stort bidrag ved \u00e5 h\u00e5ndtere \u00f8konomien i foreningen.","og_url":"https:\/\/www.downssyndrom.no\/hedmark\/227-2\/","og_site_name":"Downs Syndrom Hedmark","article_modified_time":"2026-02-10T09:41:37+00:00","og_image":[{"width":1054,"height":986,"url":"https:\/\/www.downssyndrom.no\/content\/uploads\/sites\/11\/2024\/06\/445602782_994131152092813_8659243437082343187_n-1.jpg","type":"image\/jpeg"}],"twitter_card":"summary_large_image","twitter_misc":{"Ansl. lesetid":"2 minutter"},"schema":{"@context":"https:\/\/schema.org","@graph":[{"@type":"WebPage","@id":"https:\/\/www.downssyndrom.no\/hedmark\/227-2\/","url":"https:\/\/www.downssyndrom.no\/hedmark\/227-2\/","name":"Farvel til Eivind etter 10 \u00e5r i styret - Downs Syndrom Hedmark","isPartOf":{"@id":"https:\/\/www.downssyndrom.no\/hedmark\/#website"},"primaryImageOfPage":{"@id":"https:\/\/www.downssyndrom.no\/hedmark\/227-2\/#primaryimage"},"image":{"@id":"https:\/\/www.downssyndrom.no\/hedmark\/227-2\/#primaryimage"},"thumbnailUrl":"https:\/\/www.downssyndrom.no\/content\/uploads\/sites\/11\/2024\/06\/445602782_994131152092813_8659243437082343187_n-1.jpg","datePublished":"2024-06-05T13:49:34+00:00","dateModified":"2026-02-10T09:41:37+00:00","breadcrumb":{"@id":"https:\/\/www.downssyndrom.no\/hedmark\/227-2\/#breadcrumb"},"inLanguage":"nb-NO","potentialAction":[{"@type":"ReadAction","target":["https:\/\/www.downssyndrom.no\/hedmark\/227-2\/"]}]},{"@type":"ImageObject","inLanguage":"nb-NO","@id":"https:\/\/www.downssyndrom.no\/hedmark\/227-2\/#primaryimage","url":"https:\/\/www.downssyndrom.no\/content\/uploads\/sites\/11\/2024\/06\/445602782_994131152092813_8659243437082343187_n-1.jpg","contentUrl":"https:\/\/www.downssyndrom.no\/content\/uploads\/sites\/11\/2024\/06\/445602782_994131152092813_8659243437082343187_n-1.jpg","width":1054,"height":986},{"@type":"BreadcrumbList","@id":"https:\/\/www.downssyndrom.no\/hedmark\/227-2\/#breadcrumb","itemListElement":[{"@type":"ListItem","position":1,"name":"Hjem","item":"https:\/\/www.downssyndrom.no\/hedmark\/"},{"@type":"ListItem","position":2,"name":"Farvel til Eivind etter 10 \u00e5r i styret"}]},{"@type":"WebSite","@id":"https:\/\/www.downssyndrom.no\/hedmark\/#website","url":"https:\/\/www.downssyndrom.no\/hedmark\/","name":"Downs Syndrom Hedmark","description":"","publisher":{"@id":"https:\/\/www.downssyndrom.no\/hedmark\/#organization"},"potentialAction":[{"@type":"SearchAction","target":{"@type":"EntryPoint","urlTemplate":"https:\/\/www.downssyndrom.no\/hedmark\/?s={search_term_string}"},"query-input":{"@type":"PropertyValueSpecification","valueRequired":true,"valueName":"search_term_string"}}],"inLanguage":"nb-NO"},{"@type":"Organization","@id":"https:\/\/www.downssyndrom.no\/hedmark\/#organization","name":"Downs Syndrom Hedmark","url":"https:\/\/www.downssyndrom.no\/hedmark\/","logo":{"@type":"ImageObject","inLanguage":"nb-NO","@id":"https:\/\/www.downssyndrom.no\/hedmark\/#\/schema\/logo\/image\/","url":"https:\/\/www.downssyndrom.no\/content\/uploads\/sites\/11\/2024\/03\/cropped-logo-downs-syndrom-hedmark.png","contentUrl":"https:\/\/www.downssyndrom.no\/content\/uploads\/sites\/11\/2024\/03\/cropped-logo-downs-syndrom-hedmark.png","width":1523,"height":387,"caption":"Downs Syndrom Hedmark"},"image":{"@id":"https:\/\/www.downssyndrom.no\/hedmark\/#\/schema\/logo\/image\/"}}]}},"_links":{"self":[{"href":"https:\/\/www.downssyndrom.no\/hedmark\/wp-json\/wp\/v2\/pages\/227","targetHints":{"allow":["GET"]}}],"collection":[{"href":"https:\/\/www.downssyndrom.no\/hedmark\/wp-json\/wp\/v2\/pages"}],"about":[{"href":"https:\/\/www.downssyndrom.no\/hedmark\/wp-json\/wp\/v2\/types\/page"}],"author":[{"embeddable":true,"href":"https:\/\/www.downssyndrom.no\/hedmark\/wp-json\/wp\/v2\/users\/44"}],"replies":[{"embeddable":true,"href":"https:\/\/www.downssyndrom.no\/hedmark\/wp-json\/wp\/v2\/comments?post=227"}],"version-history":[{"count":5,"href":"https:\/\/www.downssyndrom.no\/hedmark\/wp-json\/wp\/v2\/pages\/227\/revisions"}],"predecessor-version":[{"id":278,"href":"https:\/\/www.downssyndrom.no\/hedmark\/wp-json\/wp\/v2\/pages\/227\/revisions\/278"}],"wp:featuredmedia":[{"embeddable":true,"href":"https:\/\/www.downssyndrom.no\/hedmark\/wp-json\/wp\/v2\/media\/236"}],"wp:attachment":[{"href":"https:\/\/www.downssyndrom.no\/hedmark\/wp-json\/wp\/v2\/media?parent=227"}],"curies":[{"name":"wp","href":"https:\/\/api.w.org\/{rel}","templated":true}]}}